 k(u) = 3*u**3 - 1 + u**3 - 5*u**3 + u - u**2. Let n(g) = i(g) - 2*k(g). Give n(4).
-4
Suppose 4*z - 8 = -2*u - 34, -2*z = 10. Let t(h) be the third derivative of -h**4/12 + 4*h**2. Give t(u).
6
Let j(t) be the second derivative of -t**6/360 + t**5/24 + t**4/12 + 5*t**3/6 - 9*t. Let n(b) be the second derivative of j(b). Give n(4).
6
Let f(v) be the third derivative of -v**6/120 - v**5/30 + 5*v**4/24 + 2*v**3/3 - 9*v**2. Give f(-4).
16
Let o(y) be the second derivative of y**5/20 - y**4/4 - 2*y**3/3 + 2*y**2 + 8*y. Give o(3).
-8
Let z(y) = 3*y**2 - 5*y**2 + 6 - 1 - 4*y - 2. Give z(-4).
-13
Let k = 15 - 6. Let m = 5 - k. Let h be (8/5)/(m/(-10)). Let y(u) = -u + 4. Determine y(h).
0
Let z(k) = k**2 - k. Let p(h) = h**3 + 11*h**2 + h + 7. Let q(x) = -p(x) + 3*z(x). Give q(-7).
-28
Let s = 20 - 20. Let a(l) be the third derivative of -1/4*l**4 + s - l**2 + 1/3*l**3 + 1/60*l**5 + 0*l. Give a(5).
-3
Let t(l) = -3*l**2 + 0 + 7*l**3 - l + 2*l**2 + 1. Let h(c) = -c**2 + 13*c - 11. Let y be h(1). What is t(y)?
6
Let b(h) be the third derivative of -1/6*h**3 + 3*h**2 - 1/10*h**5 + 0*h + 1/24*h**4 + 0. Give b(1).
-6
Let v(l) be the second derivative of l**4/4 - l**3/3 + 3*l**2/2 - 3*l. Determine v(2).
11
Let g(s) = 2*s**2 + 2*s. Suppose 0 = 2*z - 0*z + 6. Give g(z).
12
Let d = -5 - -3. Let k(a) be the second derivative of -3/2*a**2 - a + 1/20*a**5 - 1/3*a**3 + 0 + 1/12*a**4. Determine k(d).
-3
Let n(c) be the first derivative of c**3/6 - 3*c**2 - 5*c - 2. Let s(w) be the first derivative of n(w). Calculate s(6).
0
Let i(l) be the second derivative of -3*l**5/10 + l**4/12 - l**3/3 + l**2/2 - 8*l. Calculate i(1).
-6
Let j(u) = -u**3 - 2*u**2 + 12*u + 9. Let v(i) = i**3 + i**2 - 11*i - 8. Let m(l) = -6*j(l) - 7*v(l). Determine m(6).
-4
Let o(u) = -u**2 + u - 1. Let v(y) = -2*y**2 + 2*y - 2. Let m(c) = 5*o(c) - 2*v(c). Give m(1).
-1
Let u be 9/((-3)/(-2) + 0). Let l(f) be the third derivative of f**4/24 + 5*f**3/6 + 16*f**2. Give l(u).
11
Let i(g) be the first derivative of 2*g**2 + 4*g + 2/3*g**3 - 1. Suppose 5*s + 7 + 8 = 0. What is i(s)?
10
Let j(c) = -2*c - 1. Let w(b) = -9*b - 2. Let p(y) = 6*j(y) - w(y). What is p(-6)?
14
Let h(k) = 5*k**2 - 26*k - 24. Let g(m) = -m**2 + 5*m + 5. Let b(y) = -11*g(y) - 2*h(y). Give b(6).
11
Suppose 24 = 2*n - 4*f, -5*n - f = f - 48. Let z(q) = q**2 - 11*q + 5. What is z(n)?
-5
Suppose -4*b = 5*c - 25, -5*c + 5*b + 25 = 2*b. Suppose -q = 4*q - c. Let y = q + 3. Let u(n) = n**2 - 4*n - 3. Determine u(y).
-3
Let o(t) = t**3 - 2*t**2 - 3*t. Suppose -3*u + 5*i + 24 = 8*i, -3*i + 30 = 5*u. Give o(u).
0
Suppose -4*i + 5 + 3 = 0. Let c(s) = 1 - 2 + i*s - 6. Suppose -6*g = -g - 25. Determine c(g).
3
Suppose -u = -4*u - 12. Let t(q) = -q**2 - 3*q - 6. Determine t(u).
-10
Suppose 3*d = 4*d + 3. Let o(g) = g**3 + g + 2. Let p be o(0). Let k(s) = -4*s - 2*s**2 + 2 + 2*s + s**p. Determine k(d).
-1
Suppose 2*j - 22 = 3*j - 5*n, -4 = j + n. Let k(f) = -f**2 - 8*f + 5. Determine k(j).
12
Let x(h) = 2*h + 3. Let w = -7 - -14. What is x(w)?
17
Let l = 12 - 11. Let u(v) = 0 - 2*v + l + 3. What is u(-4)?
12
Let g(k) = -k**3 - 4*k**2 - 3*k - 4. Let n be (-1 + 0)*9/(-9). Suppose -n = -m + 3*o - 13, m - 3 = -2*o. What is g(m)?
-4
Let z(q) = q - 4. Suppose v = -n - 10, -n + 3*v + 7 = -3. Give z(n).
-9
Let y(n) = -2*n - 8. Let p be y(-6). Suppose 25 = -3*f + p*r, -5*f = -0*r - r + 19. Let s(t) = -t**3 - 3*t**2 + t + 1. Determine s(f).
-2
Suppose 2*b = 2*o, 23 = -5*o + b + 7. Let h be 0/(1/2*2). Let n = o + h. Let c(f) = -f - 1. What is c(n)?
3
Let c(r) be the third derivative of -r**9/30240 - r**8/6720 + r**6/720 - r**5/20 + 3*r**2. Let j(d) be the third derivative of c(d). Determine j(-2).
5
Let a be 2/(-3) + (-1)/3. Let t(u) be the second derivative of u**8/840 + u**4/4 + 3*u. Let g(w) be the third derivative of t(w). Give g(a).
-8
Let l(s) = 7*s**2. Let j(n) = -13*n**2. Let k(y) = -6*j(y) - 11*l(y). Let b(d) = d**2 - 9*d - 1. Let f be b(9). What is k(f)?
1
Suppose a - 4 = -1. Let f(y) be the first derivative of y**4/4 - 2*y**3/3 - y**2 + y - 24. What is f(a)?
4
Let w(c) = 9 - c**2 - 6 + 7*c + 8. Give w(8).
3
Let r = 1 + -5. Let q(b) be the third derivative of b**5/20 - b**4/12 - b**3 + 3*b**2. Let s(g) = 7*g**2 - 3*g - 12. Let k(i) = -9*q(i) + 4*s(i). What is k(r)?
-2
Let j(d) be the first derivative of -1/60*d**5 + 0*d + 0*d**2 - 1 - 1/3*d**3 + 0*d**4. Let f(n) be the third derivative of j(n). Calculate f(2).
-4
Let i be 39/9 + (-2)/6. Suppose -i*b = 4 - 16. Let c(f) = 5*f - b*f - 3*f. What is c(-3)?
3
Let p(r) = 2*r + 1. Let m be 2/(-2) + 2 - -2. Let s be p(m). Suppose -4*y + 5 = -s. Let h(l) = -l**2 + 2*l + 1. Calculate h(y).
-2
Let d(c) be the first derivative of -c**4/4 + 8*c**3/3 - 5*c**2 + 9*c + 1. Give d(6).
21
Let g be 6/3 - (-3 - -3). Let d(c) = 2 + 3*c**g + 2 - 3*c - 4*c**2. Calculate d(-4).
0
Suppose 16 + 14 = -5*q. Let k(f) = -f**2 - 3*f + 5. Calculate k(q).
-13
Let v(s) = s**3 + 15*s**2 - 15*s + 16. Let o be v(-16). Let a(c) = c**2 - c + 4. What is a(o)?
4
Let b(d) = -d**3 + 6*d**2 + 2*d - 8. Let z be b(6). Let h(t) be the first derivative of 2*t**2 - 4*t + 3 - 1/3*t**3. Give h(z).
-4
Suppose -6*z + 9 = -3*z. Let d(b) = 6 + 2*b**2 + b**2 + z*b - 3*b**2 + b**2. What is d(-4)?
10
Let f(w) be the second derivative of w**5/20 + 2*w**4/3 + 7*w**3/6 - 3*w**2 - 10*w. Determine f(-7).
-6
Let q be (-2)/(-5) - (-39)/15. Suppose c - q = -6. Let k(z) = z**2 + z + 2. What is k(c)?
8
Let g = -6 - -12. Let y = g - 6. Suppose -2*w - 8 = y, 0 = -2*c - w - 2*w - 18. Let d(m) = -m**3 - 3*m**2 + m. What is d(c)?
-3
Let v(n) = n**2. Let z be ((-2 - -4)*1)/1. Let k = 0 + z. Determine v(k).
4
Let i be (-5)/5 + (1 - (-5 - -2)). Let g(b) be the first derivative of 1/3*b**i + 2*b - 2 + 3/2*b**2. What is g(-4)?
6
Let w be 0 + (-4)/4 + 4. Suppose 0*q = 5*q + 2*s, w*q = 3*s + 21. Let l(u) = -5*u + 2. Determine l(q).
-8
Let g be 2/(2*3/(-9)). Let j be (-9)/(-1) + 2 + g. Suppose 2*d - j = -2*d. Let v(t) = -3*t + 3. Determine v(d).
-3
Let b(f) = 9*f**3 + f**2 + 2*f + 1. Let m be b(-1). Let g(t) = t**3 + 10*t**2 + 8*t - 7. Calculate g(m).
2
Let r(s) = s**3 - 4*s**2 + s - 1. Let i be 2/4 - 7/(-2). Let t be r(i). Let g(o) = -o**3 + 3*o**2 + o - 1. Calculate g(t).
2
Let d(g) = g + 4. Suppose i - 6 = 2. Let m be 70/3*6/5. Suppose 0 = 4*b + m - i. Calculate d(b).
-1
Let b(j) be the third derivative of 0 - 1/120*j**6 + 0*j - 1/6*j**3 - 1/10*j**5 - 1/12*j**4 + 4*j**2. Give b(-6).
11
Let g(x) = 2*x + 8. Let n be g(-6). Let t(y) be the second derivative of -2*y + 0 + y**2 + 1/2*y**3 + 1/12*y**4. What is t(n)?
6
Let m(q) be the first derivative of q**6/360 - q**5/120 - q**4/12 + 2*q**3/3 + 2. Let c(z) be the third derivative of m(z). Determine c(3).
4
Let o(v) be the first derivative of 4*v**2 + v - 11. Determine o(2).
17
Let u(p) be the second derivative of p**5/20 - p**4/3 + 5*p**3/6 - p**2 + 8*p. Calculate u(3).
4
Let h(y) = -2*y**3 + 10*y**2 + 11*y - 2. Let z be h(6). Let q(p) = p**3 + 7*p**2 - 10*p - 8. What is q(z)?
8
Suppose -15*o = -6*o - 9. Let w(y) = -8*y**3 + y**2 + y - 1. What is w(o)?
-7
Let g(j) = j**3 - 4 - 2*j + 1 + 5 + 5*j**2 + 0. Calculate g(-5).
12
Let c = 2 + -5. Let m = -4 - c. Let s(n) be the third derivative of 2*n**5/15 - n**4/12 - n**3/6 + n**2. Calculate s(m).
9
Let o(r) = 17 + 2*r**2 - 5*r**2 + 5*r**2 - 19 - 2*r. Determine o(-2).
10
Let g = -1 + 7. Let z be ((-4)/g)/((-14)/(-21)). Let l(a) = 6*a + 0*a + 1 - 5*a. Give l(z).
0
Let z(n) = n - 1. Let q be -4 + 8 + 8/2. Calculate z(q).
7
Let f(n) = -n**3 - 6*n**2 - 6*n - 4. Let q = -2 - 3. Give f(q).
1
Let z(k) = k**2 + 7*k + 4. Let o(c) = -2*c - 43. Let r be o(-19). Give z(r).
-6
Let p(n) = 6 + 28*n**2 - 61*n**2 + 34*n**2 + 6*n. Determine p(-6).
6
Suppose 7 - 23 = -4*m. Let x(q) = 5 + 4 - q - m - 4. Give x(-2).
3
Let l(j) be the third derivative of j**6/120 - 3*j**5/20 + 5*j**4/12 - 5*j**3/3 + 7*j**2. Give l(8).
6
Let p = 16 - 20. Let x(y) = -5*y - 3. Let o(k) = 6*k + 4. Let s(f) = -4*o(f) - 5*x(f). Calculate s(p).
-5
Let j(i) be the second derivative of -5*i**4/6 - i**3/3 - i**2/2 - 3*i. Suppose -5*c - 4*x - 4 = 1, 0 = -c + 5*x - 1. Determine j(c).
-9
Let o be 2/14*-8 - (-3)/21. Let v(b) = 3*b + 1. Give v(o).
-2
Let d(o) = -20 + 8*o + 2*o**2 + 0*o + 16. Determine d(-6).
20
Let f(h) be the thi